{"id":39,"date":"2023-05-01T20:09:00","date_gmt":"2023-05-01T18:09:00","guid":{"rendered":"http:\/\/asso.acfmpmc.fr\/?page_id=39"},"modified":"2025-12-28T17:07:26","modified_gmt":"2025-12-28T16:07:26","slug":"adhesion","status":"publish","type":"page","link":"https:\/\/assoc2s.fr\/index.php\/association\/adhesion\/","title":{"rendered":"Adh\u00e9sion"},"content":{"rendered":"\r\n<p>&nbsp;<\/p>\r\n\r\n\r\n<main>L&#8217;adh\u00e9sion est gratuite pour tous les personnels de la Facult\u00e9 de Sant\u00e9 de Sorbonne Universit\u00e9 : Enseignants de m\u00e9decine, personnel technique et administratif, les \u00e9tudiants en th\u00e8se, et le personnel des biblioth\u00e8ques de sant\u00e9.<\/main>\r\n\r\n\r\n<p>&nbsp;<\/p>\r\n\r\n\r\n\r\n<p>Il est n\u00e9cessaire de :<\/p>\r\n\r\n\r\n\r\n<ul class=\"wp-block-list liste\">\r\n<li>Remplir le formulaire d&#8217;adh\u00e9sion 2026<strong> (<a href=\"http:\/\/assoc2s.fr\/wp-content\/uploads\/2025\/12\/AssoC2Sadhesion2026.pdf\">T\u00e9l\u00e9charger<\/a>)<\/strong><\/li>\r\n\r\n\r\n\r\n<li>Fournir une photographie (pour la premi\u00e8re ann\u00e9e)<\/li>\r\n\r\n\r\n\r\n<li>Une preuve d&#8217;appartenance (bulletin de paye \/contrat)<\/li>\r\n<\/ul>\r\n\r\n\r\n\r\n<p>&nbsp;<\/p>\r\n\r\n\r\n\r\n<h3 class=\"wp-block-heading\">\u00a0<\/h3>\r\n\r\n\r\n\r\n<p>&nbsp;<\/p>\r\n\r\n\r\n\r\n<p>&nbsp;<\/p>\r\n","protected":false},"excerpt":{"rendered":"<p>&nbsp; L&#8217;adh\u00e9sion est gratuite pour tous les personnels de la Facult\u00e9 de Sant\u00e9 de Sorbonne Universit\u00e9 : Enseignants de m\u00e9decine, [&hellip;]<\/p>\n","protected":false},"author":2,"featured_media":0,"parent":29,"menu_order":2,"comment_status":"closed","ping_status":"closed","template":"","meta":{"site-sidebar-layout":"default","site-content-layout":"default","ast-site-content-layout":"default","site-content-style":"default","site-sidebar-style":"default","ast-global-header-display":"","ast-banner-title-visibility":"","ast-main-header-display":"","ast-hfb-above-header-display":"","ast-hfb-below-header-display":"","ast-hfb-mobile-header-display":"","site-post-title":"","ast-breadcrumbs-content":"","ast-featured-img":"","footer-sml-layout":"","theme-transparent-header-meta":"default","adv-header-id-meta":"","stick-header-meta":"","header-above-stick-meta":"","header-main-stick-meta":"","header-below-stick-meta":"","astra-migrate-meta-layouts":"set","ast-page-background-enabled":"default","ast-page-background-meta":{"desktop":{"background-color":"var(--ast-global-color-4)","background-image":"","background-repeat":"repeat","background-position":"center center","background-size":"auto","background-attachment":"scroll","background-type":"","background-media":"","overlay-type":"","overlay-color":"","overlay-opacity":"","overlay-gradient":""},"tablet":{"background-color":"","background-image":"","background-repeat":"repeat","background-position":"center center","background-size":"auto","background-attachment":"scroll","background-type":"","background-media":"","overlay-type":"","overlay-color":"","overlay-opacity":"","overlay-gradient":""},"mobile":{"background-color":"","background-image":"","background-repeat":"repeat","background-position":"center center","background-size":"auto","background-attachment":"scroll","background-type":"","background-media":"","overlay-type":"","overlay-color":"","overlay-opacity":"","overlay-gradient":""}},"ast-content-background-meta":{"desktop":{"background-color":"var(--ast-global-color-5)","background-image":"","background-repeat":"repeat","background-position":"center center","background-size":"auto","background-attachment":"scroll","background-type":"","background-media":"","overlay-type":"","overlay-color":"","overlay-opacity":"","overlay-gradient":""},"tablet":{"background-color":"var(--ast-global-color-5)","background-image":"","background-repeat":"repeat","background-position":"center center","background-size":"auto","background-attachment":"scroll","background-type":"","background-media":"","overlay-type":"","overlay-color":"","overlay-opacity":"","overlay-gradient":""},"mobile":{"background-color":"var(--ast-global-color-5)","background-image":"","background-repeat":"repeat","background-position":"center center","background-size":"auto","background-attachment":"scroll","background-type":"","background-media":"","overlay-type":"","overlay-color":"","overlay-opacity":"","overlay-gradient":""}},"footnotes":""},"class_list":["post-39","page","type-page","status-publish","hentry"],"_links":{"self":[{"href":"https:\/\/assoc2s.fr\/index.php\/wp-json\/wp\/v2\/pages\/39","targetHints":{"allow":["GET"]}}],"collection":[{"href":"https:\/\/assoc2s.fr\/index.php\/wp-json\/wp\/v2\/pages"}],"about":[{"href":"https:\/\/assoc2s.fr\/index.php\/wp-json\/wp\/v2\/types\/page"}],"author":[{"embeddable":true,"href":"https:\/\/assoc2s.fr\/index.php\/wp-json\/wp\/v2\/users\/2"}],"replies":[{"embeddable":true,"href":"https:\/\/assoc2s.fr\/index.php\/wp-json\/wp\/v2\/comments?post=39"}],"version-history":[{"count":8,"href":"https:\/\/assoc2s.fr\/index.php\/wp-json\/wp\/v2\/pages\/39\/revisions"}],"predecessor-version":[{"id":1000,"href":"https:\/\/assoc2s.fr\/index.php\/wp-json\/wp\/v2\/pages\/39\/revisions\/1000"}],"up":[{"embeddable":true,"href":"https:\/\/assoc2s.fr\/index.php\/wp-json\/wp\/v2\/pages\/29"}],"wp:attachment":[{"href":"https:\/\/assoc2s.fr\/index.php\/wp-json\/wp\/v2\/media?parent=39"}],"curies":[{"name":"wp","href":"https:\/\/api.w.org\/{rel}","templated":true}]}}